**2 - 3*n + 1. Let b be g(-3). Let d be b/(3/(-33)*-1). What is the highest common divisor of 22 and d?
11
Suppose 0 = -26*b + 25*b + 198. Calculate the highest common factor of b and 264.
66
Let v = 53 - 42. Suppose -5*w + 2*b + 1 = 0, -2*w + 4*w - 5*b + 8 = 0. What is the highest common factor of w and v?
1
Suppose -808 = -7*z + 5380. What is the greatest common factor of z and 104?
52
Suppose -4*y + 20 = -2*y. What is the greatest common factor of 25 and y?
5
Let m(r) = -3*r + 48. Let w be m(4). What is the greatest common divisor of 846 and w?
18
Let s(g) = -g**2 - 2*g - 2. Let q be s(-3). Let i = q + 5. Let w be -6*(52/(-8) - i). What is the highest common factor of 26 and w?
13
Let n be 6 + -11 + 15 + 2. Let q(g) = 5*g + 1. Let r be q(-2). Let f = r - -17. Calculate the highest common divisor of n and f.
4
Let h = 45 + -43. Suppose 3*k - 3*n - n = 69, -h*k - n + 35 = 0. Calculate the highest common divisor of 19 and k.
19
Let m be 18/(-4)*8/(-6). Suppose -3*k - k - 2 = 2*u, u + k - 2 = 0. Suppose -u*o + 15 = -135. What is the greatest common divisor of o and m?
6
Suppose s + 4*l = -84 + 29, -3*l - 233 = 4*s. Let f = s - -129. What is the highest common divisor of 14 and f?
14
Let j be ((-32)/20)/((-4)/10). Suppose -4*a = 4*y - 6*y - 1176, j*a - 1188 = -y. What is the greatest common divisor of 37 and a?
37
Suppose 2*n = 3*d - 10 - 32, 5*d + 44 = -3*n. Let x be n - -6*5/10. Let y(o) = -o - 5. Let p be y(x). Calculate the greatest common divisor of p and 4.
2
Suppose 0 = 39*p - 43 - 113. What is the greatest common factor of 98 and p?
2
Suppose 4*p - 5 + 29 = 3*c, 4*c = 5*p + 32. Calculate the greatest common divisor of 72 and c.
8
Let r = 159 - -182. Calculate the highest common factor of r and 11.
11
Suppose 2*u = -5*w - 3*u + 710, -5*w + 4*u + 683 = 0. Let q(o) = -9*o - 50. Let n be q(5). Let f = n + w. Calculate the highest common factor of f and 4.
4
Suppose -4*l + v + 52 = -3*v, -5*v - 20 = -2*l. What is the greatest common factor of l and 95?
5
Suppose -4 = 4*y - 5*y. Suppose -h + 10 = j, 4*h - h = y*j + 2. What is the greatest common factor of 66 and h?
6
Suppose 105 = l - q, l + 2*q - 133 = -13. Calculate the highest common factor of 10 and l.
10
Let o be 9/(-99) - 1014/(-22). Calculate the greatest common divisor of o and 161.
23
Let o(z) = 4*z**3 - 28*z - 8. Let h be o(6). Calculate the highest common factor of h and 16.
16
Suppose 2*p = 8, -2*j + 15 = -3*p - 7. Suppose 9*v - 1102 - 275 = 0. What is the highest common divisor of j and v?
17
Suppose -b + 3*y = -156, -15*b = -11*b - y - 613. Calculate the greatest common divisor of b and 51.
51
Let o(j) = j**2 + 16*j - 161. Let g be o(10). Calculate the highest common factor of g and 18.
9
Let y be (-4186)/(-42) - (-18)/(-27). Let u(n) = -3*n. Let p be u(-3). What is the greatest common divisor of p and y?
9
Let b(u) = 19*u + 585. Let i be b(-21). What is the highest common divisor of 18 and i?
6
Let g(l) = -2*l**2 - 3*l + 2. Let z be g(2). Let t = 14 - z. Let k = t - 17. What is the greatest common factor of 9 and k?
9
Let m = -13 + 9. Let p = 4 + m. Suppose 5*k - 4*i - 617 = 0, p*k + 4*k = 3*i + 493. What is the greatest common factor of 11 and k?
11
Let d(h) = 8*h**2 + 3*h - 12. Let f be d(-3). Calculate the highest common factor of f and 6.
3
Let s(b) = b**3 - 13*b**2 + 4*b + 3. Suppose 221*d - 225*d = -52. Let z be s(d). What is the greatest common divisor of z and 5?
5
Let a be (2 + 1)*32/6. Suppose -2*s + 7 - 3 = 0. Suppose o - 46 = 2*f, s*f - 4 = -2. Calculate the highest common divisor of a and o.
16
Suppose -5*l = -33*l + 3528. What is the greatest common divisor of l and 54?
18
Let t = -23 - -48. Suppose -t*b = -26*b + 130. Calculate the greatest common factor of b and 26.
26
Let h be (1 + 4*4)*1. Let n(v) = 2*v**3 + v**2 + v - 5. Let d be n(2). Calculate the highest common divisor of d and h.
17
Suppose 16*q = 90*q - 6660. Let s be (-4 - -3)/(2/(-20)). Calculate the greatest common factor of q and s.
10
Suppose 9*h - 12 = 33. Calculate the greatest common divisor of 305 and h.
5
Let v = 59 + -43. Calculate the highest common factor of 48 and v.
16
Suppose -2*q - 2*h + 22 = -0*h, -3*h = -5*q + 71. Let t = 91 + -52. What is the greatest common divisor of q and t?
13
Let z(f) = -2*f**3 + 3*f**2 - f - 2. Let p be z(2). Let h = 16 + p. Let v(l) = 5*l + 22. Let c be v(10). What is the greatest common divisor of h and c?
8
Let d be (15/90)/(1/6). Let x be 1/4 - (141/(-12) + d). Calculate the greatest common divisor of x and 11.
11
Suppose 3*i - 4*m = 345, -2*m + 601 = 5*i - 0*m. Let u = 191 - i. What is the highest common divisor of 9 and u?
9
Suppose -5*r + c + 8 = -17, 5*r - 4*c = 25. Calculate the greatest common factor of r and 35.
5
Let u(k) = -2*k**2 - 54*k + 25. Let v be u(-26). Calculate the highest common factor of v and 1309.
77
Suppose -u - 4*u + 40 = 0. Suppose -3*v + b = 5*b - 564, 3*b - 375 = -2*v. Suppose -g + 4*g = v. What is the greatest common divisor of u and g?
8
Let m(o) = -16*o**2 + 9*o**2 - 4*o**3 - 12 - 2*o + 5*o**3. Let i be m(8). Calculate the highest common factor of i and 96.
12
Suppose 358 - 58 = -10*r. Let p = 25 - r. What is the greatest common divisor of 495 and p?
55
Suppose -3*u + 297 = 2*a, 0*u - 282 = -3*u + 3*a. Suppose -2*v + 5*q = -127, u = 2*v - 0*v + 5*q. What is the highest common factor of v and 168?
56
Suppose l - 2*l = -106. Suppose 38 = 4*h - l. Calculate the greatest common divisor of 396 and h.
36
Let a(f) = f**3 - 7*f**2 - 9*f - 8. Let l be a(8). Let t = l + 14. Let c be (-2)/(t - 0) + 44. What is the highest common factor of c and 30?
15
Let s(q) = q**3 - 10*q**2 + 20*q - 2. Let o be 5 - (-11 + 2)/3. Let a be s(o). What is the greatest common divisor of 90 and a?
30
Let j be (-3825)/(-10) - (-2)/(-4). Suppose 98 + j = 4*s. Suppose f - 3*f = -s. Calculate the greatest common divisor of 12 and f.
12
Let z = -257 + 413. Suppose -26*g + z = -23*g. Calculate the highest common factor of 52 and g.
52
Suppose 3*l = -5*o + 70, -4*o - 7*l + 56 = -3*l. Let x = -2 + o. Let i be (1 + 0 - -5)/2. Calculate the greatest common divisor of x and i.
3
Let u(i) = 3*i**2 - 9*i - 64. Let a be u(-12). Calculate the highest common factor of 68 and a.
68
Suppose 2*i - 3*a - 4 = -a, -3*i + 4*a + 5 = 0. Suppose i*s = 63 + 57. What is the greatest common divisor of 360 and s?
40
Let w(t) = -t**3 + 8*t**2 - 6*t - 5. Let z be w(7). Let g be z + 49 + (1 - 2). Let n be 2/(-10) + 910/g. Calculate the greatest common factor of 90 and n.
18
Suppose a + 4 = -2*m, -4*a + m - 32 = 11. Let g be (14/(-4))/(((-45)/a)/(-9)). What is the greatest common divisor of g and 1?
1
Suppose -10 = -r + g - 0, 3*r + g - 18 = 0. What is the greatest common factor of r and 4?
1
Suppose -31*b + 35*b = 20. Suppose -3*c = b*c - 128. Calculate the highest common factor of c and 208.
16
Let b(f) = 2 - 2*f**2 + 0*f**2 - f**2 - f + 39*f**3 - 51*f**3. Let a be b(-2). What is the greatest common divisor of 8 and a?
8
Let d = 169 + -71. What is the greatest common divisor of d and 49?
49
Let i(m) = m**2 - 8*m + 3. Let h be i(9). Let z = 12 - h. Suppose -15 = 3*b, 0 = 3*y - 4*b - z*b - 101. What is the greatest common factor of 9 and y?
9
Let h = 597 - 595. What is the greatest common divisor of 1 and h?
1
Suppose -4*y = 5*a + 15, 2*y = -0*a + 4*a + 12. Let s be 2 - -95 - (1 - y). What is the greatest common factor of 12 and s?
12
Let n = 323 - 147. Let x be -2 + 10/8 + 910/40. Calculate the highest common divisor of n and x.
22
Let x = -12 + 194. Calculate the highest common divisor of 273 and x.
91
Let y = 24 + 0. Suppose -195*m = -38 - 404 - 728. What is the greatest common divisor of m and y?
6
Let o be ((-5)/15)/(2/(-354)). Calculate the highest common divisor of o and 2950.
59
Let t = 123 - 83. Suppose 0 = 2*h + 2*w - t, -30 = -5*h - 3*w + 68. Let j be (45/18)/((-2)/(-76)). What is the greatest common divisor of j and h?
19
Let c = 201 + -35. What is the highest common factor of c and 2?
2
Let a be 39/91 - (-120)/14. Suppose d = 3*k - a, -2 = -3*k + k + 2*d. Let j(z) = -z**2 + 5*z - 3. Let v be j(k). What is the highest common factor of 9 and v?
1
Let h(a) = -2*a**2 + 31*a - 47. Let c be h(13). What is the highest common factor of c and 243?
9
Suppose 0 = -10*q + 201 + 709. Calcu